2, 3, 5, 131, 908221
List the prime factors of 320371727.
13, 24643979
What are the prime factors of 1615106503?
821, 1967243
List the prime factors of 198032261.
7, 59, 479497
List the prime factors of 1963115059.
137, 3719, 3853
What are the prime factors of 1219282821?
3, 907, 49789
What are the prime factors of 3065001686?
2, 21611, 70913
List the prime factors of 6679942114.
2, 157, 331, 64271
List the prime factors of 7375666864.
2, 23, 20042573
List the prime factors of 67802566.
2, 13, 2607791
What are the prime factors of 3199871704?
2, 399983963
List the prime factors of 1325290636.
2, 23, 61, 236153
What are the prime factors of 11920100?
2, 5, 199, 599
List the prime factors of 131687802.
2, 3, 197, 12379
What are the prime factors of 75521880?
2, 3, 5, 7, 23, 1303
List the prime factors of 115516307.
163, 708689
List the prime factors of 2343795266.
2, 23, 37, 449, 3067
List the prime factors of 182497079.
67, 2723837
List the prime factors of 1060620935.
5, 11, 19284017
List the prime factors of 5100710197.
11, 463700927
What are the prime factors of 1576663638?
2, 3, 11, 311, 6983
What are the prime factors of 694022405?
5, 19, 7305499
List the prime factors of 203398369.
617, 329657
List the prime factors of 1346743588.
2, 2099, 160403
List the prime factors of 6384680036.
2, 7, 228024287
What are the prime factors of 5589224810?
2, 5, 13, 17, 29, 37, 2357
List the prime factors of 333075185.
5, 41, 1624757
List the prime factors of 423788984.
2, 23, 1231, 1871
List the prime factors of 3324605096.
2, 197, 2109521
List the prime factors of 3020648533.
7, 347, 1243577
What are the prime factors of 77011421?
113, 139, 4903
What are the prime factors of 328702364?
2, 82175591
List the prime factors of 889663864.
2, 111207983
List the prime factors of 44472504.
2, 3, 401, 4621
List the prime factors of 1440395486.
2, 97, 7424719
What are the prime factors of 7866382?
2, 113, 34807
List the prime factors of 4182959157.
3, 13, 17, 47, 241, 557
List the prime factors of 1093292913.
3, 211, 1727161
What are the prime factors of 45384588?
2, 3, 167, 7549
What are the prime factors of 7920502?
2, 3960251
List the prime factors of 80344309.
80344309
List the prime factors of 187331160.
2, 3, 5, 17, 229, 401
List the prime factors of 59540542.
2, 29770271
What are the prime factors of 79014833?
79014833
What are the prime factors of 33394743?
3, 67, 55381
List the prime factors of 1473768009.
3, 7, 23393143
What are the prime factors of 1270802531?
5651, 224881
List the prime factors of 208285076.
2, 29, 1795561
List the prime factors of 181223153.
181223153
List the prime factors of 1601199684.
2, 3, 7, 103, 20563
What are the prime factors of 58543017?
3, 13, 107, 14029
List the prime factors of 4529738869.
71, 63799139
List the prime factors of 101406654.
2, 3, 661, 947
List the prime factors of 1474166008.
2, 7, 359, 73327
List the prime factors of 1177098945.
3, 5, 11, 23, 37, 83, 101
List the prime factors of 1417526395.
5, 937, 302567
What are the prime factors of 4103090688?
2, 3, 97, 27539
List the prime factors of 62084430.
2, 3, 5, 689827
List the prime factors of 155829248.
2, 43, 3539
What are the prime factors of 13567608?
2, 3, 23, 2731
List the prime factors of 74903279.
11, 6809389
List the prime factors of 3076054892.
2, 769013723
What are the prime factors of 848618696?
2, 71, 1494047
List the prime factors of 4237427747.
7, 19, 23, 72907
List the prime factors of 838242063.
3, 93138007
List the prime factors of 422553080.
2, 5, 10563827
List the prime factors of 43696142.
2, 7, 63697
What are the prime factors of 525867598?
2, 19, 13838621
List the prime factors of 2097605716.
2, 67, 7826887
What are the prime factors of 6148840986?
2, 3, 43, 113, 229, 307
What are the prime factors of 111530039?
1427, 78157
What are the prime factors of 661471230?
2, 3, 5, 7, 179, 17597
What are the prime factors of 49133711?
11, 673, 6637
What are the prime factors of 61092494?
2, 59, 517733
List the prime factors of 122258580.
2, 3, 5, 2037643
What are the prime factors of 1219489032?
2, 3, 50812043
List the prime factors of 117209049.
3, 439, 88997
List the prime factors of 195838752.
2, 3, 353, 5779
List the prime factors of 2406019184.
2, 150376199
What are the prime factors of 169063550?
2, 5, 3381271
List the prime factors of 123239054.
2, 19, 3243133
What are the prime factors of 385277731?
29, 101, 199, 661
What are the prime factors of 2414339390?
2, 5, 241433939
What are the prime factors of 37207244?
2, 19, 67, 7307
List the prime factors of 1305625419.
3, 7, 31, 222841
List the prime factors of 1064708693.
691, 1540823
List the prime factors of 6791951.
1291, 5261
List the prime factors of 21561615.
3, 5, 479147
What are the prime factors of 10330608?
2, 3, 373, 577
List the prime factors of 27046040.
2, 5, 7, 13799
List the prime factors of 72011103.
3, 24003701
What are the prime factors of 32933201?
7, 859, 5477
List the prime factors of 590987595.
3, 5, 11, 359, 907
What are the prime factors of 353327731?
353327731
List the prime factors of 26924630.
2, 5, 2692463
What are the prime factors of 494348239?
7, 11, 29, 107, 2069
List the prime factors of 60959225.
5, 347, 7027
What are the prime factors of 29880338?
2, 14940169
List the prime factors of 95070623.
19, 5003717
What are the prime factors of 3981599?
23, 331, 523
What are the prime factors of 70524472?
2, 43, 439, 467
What are the prime factors of 628058075?
5, 29, 151, 5737
List the prime factors of 31128485.
5, 6225697
List the prime factors of 45939873.
3, 7, 2187613
List the prime factors of 4215767260.
2, 5, 149, 641, 2207
List the prime factors of 83636316.
2, 3, 2323231
What are the prime factors of 58250111?
7219, 8069
What are the prime factors of 793155423?
3, 29, 9116729
What are the prime factors of 57087008?
2, 11, 127, 1277
What are the prime factors of 2607900255?
3, 5, 29, 83, 24077
What are the prime factors of 4409776?
2, 7, 39373
What are the prime factors of 45844152?
2, 3, 23, 53, 1567
What are the prime factors of 1882850482?
2, 67, 211, 66593
What are the prime factors of 3971587480?
2, 5, 7, 19, 107, 6977
List the prime factors of 324073994.
2, 19, 2341, 3643
What are the prime factors of 176765643?
3, 17, 29, 39839
What are the prime factors of 1875175600?
2, 5, 79, 59341
What are the prime factors of 556843832?
2, 157, 443347
List the prime factors of 275634011.
275634011
What are the prime factors of 7255154044?
2, 181, 10020931
List the prime factors of 1140085124.
2, 2939, 96979
What are the prime factors of 24962457?
3, 13, 37, 17299
What are the prime factors of 13277202?
2, 3, 107, 20681
What are the prime factors of 110533026?
2, 3, 18422171
What are the prime factors of 62107096?
2, 29, 53, 5051
What are the prime factors of 201319380?
2, 3, 5, 1118441
List the prime factors of 7779868723.
11, 2903, 243631
List the prime factors of 5141959209.
3, 59, 199, 48661
What are the prime factors of 723983502?
2, 3, 11, 61, 179827
What are the prime factors of 87519410?
2, 5, 11, 239, 3329
What are the prime factors of 1551589173?
3, 233, 739909
What are the prime factors of 426550620?
2, 3, 5, 677, 10501
What are the prime factors of 1596131290?
2, 5, 13, 19, 29, 22283
List the prime factors of 533355271.
53, 10063307
What are the prime factors of 147557698?
2, 73778849
What are the prime factors of 1639853832?
2, 3, 137, 498739
List the prime factors of 2533859700.
2, 3, 5, 8446199
List the prime factors of 1023683145.
3, 5, 68245543
What are the prime factors of 466421354?
2, 7, 33315811
List the prime factors of 347528737.
347528737
List the prime factors of 2824417.
2824417
What are the prime factors of 705534502?
2, 352767251
What are the prime factors of 178892978?
2, 11, 8131499
What are the prime factors of 337632342?
2, 3, 17, 194713
List the prime factors of 53406164.
2, 7, 311, 6133
List the prime factors of 213420076.
2, 53355019
What are the prime factors of 15481418?
2, 29, 266921
What are the prime factors of 3598968786?
2, 3, 7, 2549, 33617
What are the prime factors of 39536677?
39536677
List the prime factors of 813579454.
2, 263, 1546729
What are the prime factors of 151306657?
61, 127, 19531
What are the prim